 factor of 1098 and s.
183
Suppose 4*i + 310 = 410. Suppose -i + 175 = 5*k. Calculate the highest common divisor of k and 120.
30
Suppose 23 + 1 = 3*l + 4*k, -4*k = l - 8. Suppose 5*b + 2397 = l*b. What is the greatest common factor of b and 17?
17
Suppose -3*s = s - 2*y - 2512, -2470 = -4*s - 5*y. What is the greatest common divisor of 200 and s?
25
Let m = 0 + 4. Suppose -b - 33 = -m*b. Suppose -8*x + 2*v = -13*x + 5, -4*x - 2*v = -4. What is the highest common divisor of b and x?
1
Let u be (-2)/(-5) - ((-103)/5 - -2). Let z be -2 - 2 - (0 + -6). Suppose 0*o + 12 = -4*o, -234 = -4*n + z*o. Calculate the highest common factor of n and u.
19
Let w(d) = -4*d**2 - 128*d - 155. Let h be w(-27). What is the highest common factor of 715 and h?
55
Let j = 2504 + -2369. Calculate the highest common factor of 13095 and j.
135
Suppose -13596 = 6*p - 16*p + 2874. Calculate the greatest common divisor of 135 and p.
27
Suppose 333 = 3*u + 3*g, -103*u + g - 587 = -108*u. What is the highest common divisor of 476 and u?
119
Let z = -2149 - -2191. What is the highest common factor of 4256 and z?
14
Let u(s) = -39*s - 14 + 30*s + 11*s. Let y be u(11). What is the greatest common divisor of y and 5?
1
Suppose 0 = 5*j + 4*l - 77 - 0, 4*l - 5 = 3*j. Calculate the greatest common factor of j and 1251.
9
Suppose 0*q = -3*q + 96. Suppose -3420 = -14*i - 140*i - 17*i. Suppose -2*m = -2*j - q, -j = -m - 2*j + i. What is the greatest common factor of 36 and m?
18
Suppose 4*n + w - 255 = 0, -n + 9*w + 4 = -32. Suppose -3*p + 7*p - 232 = 0. Let r = n - p. Calculate the greatest common factor of 20 and r.
5
Let v = -352 - -354. Let r be ((-36)/42)/(2/(-42)). Let a = 34 - r. Calculate the greatest common divisor of a and v.
2
Let a(m) = m**3 - 6*m**2 + 11. Let l be a(6). Let v be 7 - 3 - l/(-1). What is the greatest common factor of 5 and v?
5
Let p(w) = w**2 - 95*w - 72. Let t be p(96). Suppose -d - 518 = -3*o + 59, 2*d + 770 = 4*o. Calculate the highest common divisor of o and t.
24
Suppose 11*h - 12*h = 4*l + 105, 0 = -3*h - 5*l - 294. Let p = h + 98. What is the greatest common divisor of 5 and p?
5
Suppose 523*z - 58243 = -651*z + 129597. Let k(t) = t**2 - 6*t + 7. Let i be k(5). Suppose 32 = -i*u + 4*u. Calculate the greatest common factor of z and u.
16
Suppose -3*m - 2*a + 24 = 2*a, 5*m - 4*a - 72 = 0. Suppose 422 = 2*x - 3*s, -14*x = -m*x + 5*s - 406. What is the greatest common factor of 52 and x?
52
Suppose 4*x - 5*k = 792, 608 = 3*x + 78*k - 80*k. Let h = 108 + -69. Calculate the greatest common factor of x and h.
13
Suppose -5*i = -4*m + 1313, -65*m + 62*m - 5*i + 1011 = 0. Suppose -z - d = -338, d + m = z - d. What is the greatest common factor of 21 and z?
21
Let l = -375 - -301. Let r = l - -410. Calculate the greatest common factor of r and 21.
21
Let i(n) = -709*n - 2752. Let s be i(-13). What is the greatest common divisor of s and 3?
3
Let y = 269 + -265. Suppose -4*v - b = -20 - 8, v - y*b = -10. Calculate the highest common divisor of v and 22.
2
Let t be (-13 + (-406)/(-98))*1155/(-30). Let d(m) = -12*m - 1. Let a be d(-1). What is the highest common factor of t and a?
11
Let f(w) = 62*w**2 - 246*w + 491. Let u be f(2). What is the greatest common divisor of 1653 and u?
19
Suppose -278*y = -36630 - 5904. What is the greatest common factor of y and 1360?
17
Let l = 9637 - 9008. Calculate the greatest common factor of 74 and l.
37
Suppose -3*r = 2*b - 71, b - 3*r = -3*b + 97. Let z(d) = 93*d - 7. Let u be z(7). What is the highest common factor of b and u?
28
Let h(z) = 5*z**3 - 6*z**2 + 9*z - 10. Let q(j) = -19*j - 186. Let m be q(-10). Let f be h(m). What is the highest common divisor of 150 and f?
50
Suppose 35*u = -2*x + 37*u + 532, -4*x = -u - 1049. Calculate the greatest common divisor of x and 493.
29
Let m(v) = 2*v**2 - 4*v. Let b = -3 + 6. Let z be m(b). Let o be (-4974)/(-207) + (-400)/13800. Calculate the highest common divisor of o and z.
6
Suppose 0 = 3*b + 5*m - 1021, -237*b + 646 = -235*b - m. What is the highest common divisor of b and 2071?
109
Let u be (-2)/3*120/(-16). Suppose u*g + g + 12 = 0. Let v be g/(-16) + (-1148)/(-32). What is the highest common factor of 4 and v?
4
Let a(c) = 5*c**2 + 61*c + 622. Let k be a(-10). What is the greatest common factor of 640 and k?
128
Let v(g) = g**3 - 11*g**2 - 19*g + 27. Let x be v(13). Let s = x - 82. Let j = 343 + -319. Calculate the highest common divisor of j and s.
12
Let a be 4/8*(-52)/(-3)*3. Let u be 191 + 8/((-24)/27). What is the highest common divisor of a and u?
26
Suppose 2*x - 4*j - 92 = 0, -39*j + 191 = 4*x - 40*j. Let n(z) = 3*z**2 + 8*z - 3. Let p be n(9). What is the highest common factor of p and x?
24
Let l be 10*5*18/15. Let d(q) = -q**2 + 20*q - 14. Let f be d(19). Suppose -904 + 154 = -f*b. Calculate the greatest common factor of b and l.
30
Let g(u) = -70*u**3 - u**2 + 6*u - 3. Let a be g(-3). Suppose 9*b + a = 40*b. Suppose -3*i = -4 - 68. Calculate the highest common factor of i and b.
12
Let y be 193*1 - (-7 - -5). Suppose 12*l - 57 = y. Suppose -3*g + 3 = -3*x + l, -4*g - 22 = -2*x. Calculate the greatest common factor of 3 and x.
1
Let n(v) = v**2 - 28*v - 94. Let u be n(31). Let y(i) = -70*i**3 - i**2 - 2*i - 3. Let k be y(u). Calculate the greatest common factor of k and 17.
17
Suppose -7*x + 4229 + 43854 = -s, 21 = -3*s. What is the highest common divisor of 101 and x?
101
Let a(l) = -8*l**3 - 15*l**2 + 20*l - 5. Let i(t) = t**3 - t**2 - t. Let r(f) = -a(f) - 6*i(f). Let k be r(-11). What is the highest common divisor of k and 76?
38
Let j = 504 - 163. Let d = j - 56. What is the greatest common divisor of d and 45?
15
Let k(r) be the third derivative of r**5/20 + 15*r**4/8 + 5*r**3 + 174*r**2. Let o be k(-16). Calculate the highest common factor of o and 26.
26
Suppose -7 = -v, 116*t = 121*t - v - 753. Calculate the highest common factor of t and 1292.
76
Let c be (((-2)/(-7))/(40/(-70)))/((-2)/4). What is the greatest common divisor of c and 512?
1
Suppose 22 = -h + 2*h. Let o = -3741 - -4016. What is the highest common divisor of h and o?
11
Let r be -4 + ((-4)/(-1))/4. Let t be r*(-6)/27*12. Suppose 71 = l + t. Calculate the highest common divisor of 42 and l.
21
Suppose 36*i = 2314 + 3158. Let a = 15 + 80. What is the greatest common factor of a and i?
19
Let c(t) = -5*t + 7. Let w be c(-2). Suppose -2*r + w + 67 = 0. What is the highest common divisor of r and 336?
42
Suppose -q = -4*c + 323, -3*c = -5*q - 321 + 83. Let j(r) = r**2 + 35*r - 203. Let z be j(-39). Let t = c + z. What is the greatest common factor of t and 85?
17
Let f = -135 - -231. Let b(h) = 11*h**2 + 55*h + 5. Let g be b(-6). Let d = f - g. Calculate the greatest common divisor of 175 and d.
25
Let i(y) = -5*y - 1. Let x be i(-2). Suppose -27*b = -0*b - 11*b. Suppose 5*r - 89 - 31 = b. What is the greatest common factor of r and x?
3
Let i = 593 - 549. Calculate the greatest common divisor of 4796 and i.
44
Let d(g) = g**2 - g + 350. Let o be d(0). Suppose 9*w = 10*w - o. Let j be (w/(-28))/((-2)/12). Calculate the greatest common divisor of j and 30.
15
Suppose h - 24 = -q, 8*q + 5*h = 12*q - 105. Suppose 3*p = 5*p - 50. Calculate the greatest common divisor of p and q.
25
Suppose -942*l = -933*l - 432. Let m = -128 - -131. Calculate the highest common divisor of l and m.
3
Suppose 0 = -0*u - 4*u. Suppose -4 = -2*z - u*z. Suppose 4*m = z*m + 80. Calculate the greatest common divisor of 20 and m.
20
Suppose -r = 2*r - 72. Suppose 0 = -2*l + 8*l + 216. Let t be (4 - 5)/((1 + 0)/l). What is the greatest common factor of t and r?
12
Let a(k) = k**3 - 89*k**2 + 260*k - 274. Let w be a(87). What is the highest common factor of 136 and w?
136
Suppose -9*b - 3*b + 32200 = 8*b. What is the highest common factor of 414 and b?
46
Suppose -2*g - 43*i = -48*i - 5506, -11116 = -4*g - 3*i. Calculate the greatest common divisor of 235 and g.
47
Let l = -51 + 76. Let r be (12/5)/4 + 2235/l. Let a = r + -80. Calculate the greatest common divisor of a and 6.
2
Suppose 5*k + 24 = o, o - 3*k = 2*o. Let u = -148 + 193. What is the highest common divisor of o and u?
9
Suppose 0 = -5*t + 569 - 64. Let n = t - -91. What is the greatest common divisor of 64 and n?
64
Suppose -30 + 15 = -3*w. Suppose 0 = 